*w - r*u = -3*w + 92, 5*w = -3*u + 483. What is the tens digit of w?
9
Let t(m) = m**2 - 8*m + 7. Let p be t(7). Let w be (p + (-6)/(-9))*9. Suppose 0 = -3*v + 4*o + 60, -w*v - 4*o = -v - 132. What is the tens digit of v?
2
Suppose 3*r - 7 = 5. Let m be (r/(-10))/(13/(-65)). Suppose 4*c - 2*i - 278 = 0, c - m*i + 4*i - 57 = 0. What is the tens digit of c?
6
Suppose -45 + 409 = -4*x. Suppose -3*q + 1 = m, 5*m = q + 5 - 16. What is the tens digit of 1/(-3)*(x + m)?
3
Suppose -5*q = 2*i - 56, q = -q + 4*i + 8. Let w be ((-8)/20)/(2/q). What is the units digit of (1*-1)/(w/36)?
8
Let j(k) be the first derivative of -k**4/4 - k**3 - 3*k - 28. What is the units digit of j(-4)?
3
Let o(y) = 22*y**2 - 4*y + 7. Let l be o(-4). What is the tens digit of (10/6 + -1)*l/10?
2
Let q(o) be the second derivative of -o**4/12 + 3*o**3/2 - o. Let g be q(9). Suppose 0 = -g*v - 5*v + 210. What is the tens digit of v?
4
Let j = -93 - -121. Let a = j - 6. What is the tens digit of a?
2
What is the hundreds digit of (48/10 - 5/(-25)) + 619?
6
Suppose -2*d = -0*d - 4*f + 24, -3*d - 31 = -5*f. Let h(c) = -15*c**3 + 2*c**2 + 1. What is the tens digit of h(d)?
2
Suppose i + 4*l = 21, 3*l = -3*i + 7*l + 63. Suppose 2275 - 8827 = -i*z. What is the units digit of z?
2
Let s(q) be the third derivative of 13*q**5/30 - q**4/8 + q**3/3 - 30*q**2. What is the hundreds digit of s(3)?
2
Suppose 0 = -5*k + 25, 2*z + 3*k = 29 - 8. Let r be (1/(-2))/((-1)/(-12)). What is the units digit of (1 + z/r)*66?
3
Let z(d) = d + 1. Let o be z(1). Let c be 0*o/(-8) + -32. What is the tens digit of 2*(-4)/(c/44)?
1
Let o be (8/(-14))/((-4)/14). Suppose g + 8 = o*u, 3*u - 2*u = -3*g - 3. What is the units digit of (1 - (3 - g)) + 8?
4
Let w be (-3)/(-6 - -3) - -10. Let y be (w/2)/((-2)/(-20)). Let c = -31 + y. What is the tens digit of c?
2
Let c(p) = -24*p - 4. Let r(y) = -2*y. Let l(n) = -c(n) + 8*r(n). Let i = 5 + -1. What is the units digit of l(i)?
6
Suppose -91 = -j + 456. What is the tens digit of j?
4
Let u(v) = -3*v - 27. Let h be u(-14). What is the tens digit of 1775/10*(42/h - 2)?
4
Let k(m) = -m**3 + 11*m**2 - 3*m - 34. What is the units digit of k(9)?
1
Let j be -2 - 1/(3/(-12)). Suppose 20 = j*s - 52. What is the units digit of 1089/s + 1/(-4)?
0
Let y = 7 - 2. Suppose -m - r + y = -0, 3*m - 5*r - 7 = 0. Suppose 26 + 78 = m*v. What is the units digit of v?
6
Let s(w) = 50*w + 2723. What is the hundreds digit of s(0)?
7
Suppose 5*a = 11*a + 6. Let j(o) be the third derivative of 5*o**5/12 + o**4/24 + o**3/6 - o**2. What is the units digit of j(a)?
5
Let q = -19 - -22. Suppose 5 + q = o. What is the units digit of (42/o)/((-9)/(-24))?
4
Let l(i) = -1329*i - 602. What is the thousands digit of l(-4)?
4
Let i = 521 + -434. What is the units digit of i?
7
Let w(b) be the second derivative of 5*b**4/6 + 19*b**3/6 + 3*b**2 + 3*b. What is the units digit of w(-5)?
1
Let q = 8 - 3. Let k(o) = -3*o**2 + 3*o - 2. Let g(y) = 7*y**2 - 7*y + 4. Let i(w) = 4*g(w) + 9*k(w). What is the tens digit of i(q)?
1
Let p be (-7 + (1 - -1))/(-1). What is the units digit of 50/(-125) - (-82)/p?
6
Let q(t) = -t + 26. Let h be q(13). Let x(s) = 8 + s - h + 9. What is the tens digit of x(8)?
1
Suppose 15 = 6*m - 27. What is the hundreds digit of (-9)/(((-7)/18)/m)?
1
Let l = -1454 + 1603. What is the units digit of l?
9
Let n = 756 + -378. What is the units digit of n?
8
Let f(c) = -3*c - 1. Let r be f(-1). Suppose 2*s = -4*g + 8, 4*g + r = -3*s + 8. What is the units digit of g?
3
Let v(o) = 3*o**3 + o**2 + 11*o + 7. Let k(s) = 2*s**3 + 10*s + 6. Let l(i) = 4*k(i) - 3*v(i). What is the units digit of l(-5)?
8
Let d(t) = 4*t + 20. Let m be d(-12). Let j = 7 + m. Let s = 100 + j. What is the tens digit of s?
7
Let u = 471 + -275. What is the hundreds digit of u?
1
Let g = -364 + 584. What is the units digit of g?
0
What is the hundreds digit of 2/(14/(-35)) + (1084 - 2)?
0
Suppose 25 = -11*q + 16*q. Suppose -m - q + 109 = 0. What is the hundreds digit of m?
1
Suppose -3*i + 4*i = 2. What is the hundreds digit of (-1 - i - -111) + 0?
1
Suppose 3*j + 6*j - 396 = 0. Suppose j - 188 = -4*v. What is the units digit of v?
6
Suppose -156 = -4*q + 136. Let h = -8 + q. What is the units digit of h?
5
Suppose 195*t + 3845 = 200*t. What is the units digit of t?
9
Suppose -22*b = -20*b - 6. Suppose -b*x + 111 = 33. What is the units digit of x?
6
Let h(j) = 36*j + 1255. What is the thousands digit of h(0)?
1
What is the units digit of (-12)/(-10)*(-58380)/(-56)?
1
Suppose j - 2*g - 59 = 0, j = 2*j + 2*g - 71. What is the units digit of j?
5
Suppose 0 = 5*t + 10, 4*f - 4*t = 6*f + 4. Suppose -f*c + 3*w + 358 = 7*w, -5*w + 173 = c. What is the tens digit of c?
8
Let s(x) = -6*x**3 - x**2 + 2*x + 2. Suppose -5*b - 7 = 3. What is the tens digit of s(b)?
4
Suppose 15 = -3*r, -4*r - 23 = -4*q + 5. Suppose 2*h - 376 = 2*y, -q*h = 2*h - 5*y - 754. What is the hundreds digit of h?
1
Let a be (-1401)/(-12) + -1 - 1/(-4). Suppose -5*z + 2 = -3, 0 = y - z - a. What is the units digit of y?
7
Let z(r) = -4*r + 1 - 5 + 0*r**2 + 6*r**2. Let q be z(3). What is the units digit of q + 0 + -1 + -2?
5
Let r be (15/(-25))/(1/(-5)). What is the tens digit of (r/(-1))/((-3)/207)?
0
Suppose -19*y = -25*y + 1842. What is the tens digit of y?
0
Let s(c) = c**3 - c**2 + 1. Let l be s(2). Suppose 0 = 2*r + 4*i - 32, 0 = 3*r - l*i + 3*i - 80. Suppose -6*h + r = -5*h. What is the tens digit of h?
2
Let o(y) = 7*y - 5. Let m be o(2). Suppose 8*x = m*x - 135. What is the tens digit of x?
3
Let z(b) = b**3 + 4*b**2 - 8*b + 10. Let n be z(-5). What is the tens digit of (346/(-4))/(n/10 - 3)?
7
Suppose -4 = -4*n, 2*a - 127 = -3*n - 6. Suppose -5*z + 61 = -a. Suppose -4*j + 4*b = -12, -5*j + z = 5*b - b. What is the units digit of j?
4
Let k(u) be the third derivative of u**4/24 + 31*u**3/6 - 31*u**2. What is the tens digit of k(8)?
3
Let i(v) = v**3 + v**2 - v + 13. Let t be i(0). Let x = 91 - t. What is the units digit of x?
8
Suppose 16*l - 10*l = 3690. Suppose -l = -0*h - 3*h. What is the units digit of h?
5
Suppose 2*w - 397 + 9675 = 2*n, -3*n = 2*w - 13917. What is the tens digit of n?
3
Let l(c) = c**2 + 2*c - 3. Let o be l(-4). Suppose 2*r + v = -3*v + 126, -r - o*v = -51. What is the tens digit of r?
7
Suppose -2*s - 27 = -67. Suppose k = -2*k - g + 17, s = 4*k + 4*g. What is the units digit of k?
6
Let l be (1 - -1) + 0 + 139. Suppose -3*d + l = -0*d. What is the units digit of d?
7
Let s = 21 - 18. Suppose -183 - s = -2*d + 3*o, 3*d = -3*o + 294. Suppose 0 = -2*x + l - 6*l + 43, d = 3*x - 3*l. What is the tens digit of x?
2
Let h(u) be the first derivative of 5*u**2/2 - 10*u - 6. What is the units digit of h(4)?
0
Let p(d) = d - 1. Let o be p(8). Suppose -2*g + o*g + 25 = 0, 73 = 2*t - 5*g. Suppose 3*u + 0*u = t. What is the units digit of u?
8
Let r(g) = g**2 - 9*g + 12. Let y be r(8). Let k(i) = 3*i**2 - 2*i + 8. What is the units digit of k(y)?
8
Suppose -12*n + 1631 - 239 = 0. What is the tens digit of n?
1
Suppose -4*y - 207 = -39. Let t = 255 + -182. What is the tens digit of 14/y + t/3?
2
Let h(p) = 34*p - 113. What is the tens digit of h(15)?
9
What is the units digit of (-12)/(-8) - (-4 - (-4500)/(-8))?
8
Suppose 577 + 66014 = 21*m. What is the hundreds digit of m?
1
Suppose 39 = -7*o - 213. What is the tens digit of 2*4/o - (-2711)/9?
0
Let g(o) = o**2 - 50*o + 168. What is the tens digit of g(47)?
2
Suppose 14*x + 362 = -1514. Let f = x + 298. What is the units digit of f?
4
Let u(b) = -b**3 + b**2 - b + 47. Let l be u(0). What is the tens digit of ((-2)/(-3) - 1)*(-232 - l)?
9
Suppose 0 = 5*f - 3815 - 350. What is the tens digit of f?
3
Let x = 4 - 2. Let v(r) = r**3 + 15*r**2 + 20*r - 4. Let u be v(-4). Suppose y - 5*f - u = 0, -y = -4*f + x*f - 80. What is the units digit of y?
2
What is the units digit of (-7 + 6355/10)/((-1)/(-2))?
7
Let b(m) = -m**2 + 7*m + 18. Let s(x) = 2*x**2 - 6*x - 18. Let g(h) = 4*b(h) + 5*s(h). What is the hundreds digit of g(5)?
1
Let m(x) = -x**3 + x**2 + x + 2. Let n be m(2). Suppose n = -0*f + f + 1. What is the units digit of 28*3/2 - f?
3
Suppose -57*g = -30*g - 61749. What is the hundreds digit of g?
2
Suppose 4*q - 40 = 2*p + 2*p, 4*q + 2*p - 52 = 0. Let i = q + -6. Suppose -4*c = 4*h - 80, i*